 by 23?
20
Suppose 0 = 2*a - 101 + 1. Calculate the remainder when (-4)/((-4)/a + 0) is divided by 17.
16
Let h be (-2 - -3)*(1 - 1). Suppose -3*q - 3*t + 48 = -0*t, -3*q + t + 36 = h. What is the remainder when 25 is divided by q?
12
Suppose -20 = -2*b + 28. Calculate the remainder when b is divided by 13.
11
Let t = -17 + 27. Suppose 0 = -6*p + 25 - 1. Calculate the remainder when t is divided by p.
2
Suppose -2*t - 2 + 4 = 0. Calculate the remainder when 9 is divided by -4 - t/(-1) - -7.
1
Let h be (-52)/(1 + (-4 - -2)). Suppose -h + 15 = -2*f - 3*k, -k = 4*f - 59. What is the remainder when f is divided by 4?
2
Let y = -57 + 62. What is the remainder when 24 is divided by y?
4
Let i = 3 + -12. Calculate the remainder when 21 is divided by i/(2*6/(-8)).
3
Let y(g) = 6*g + 8. Suppose 2*t = -5*r + 36, r - 22 = -3*t - 7. What is the remainder when y(r) is divided by 17 + (-4)/(-2)*-1?
14
Let m be (-104)/3*9/(-4). Let v = m - 52. Suppose -v = -3*x - 4*s, -2*x + 23 - 1 = 5*s. Calculate the remainder when x is divided by 4.
2
Let c = 30 + -15. Calculate the remainder when c is divided by 6.
3
Suppose -54 = -5*w + 46. Suppose -w = -g - g. What is the remainder when 29 is divided by g?
9
Let t = 2 + -4. Calculate the remainder when t/(-12) + 346/12 is divided by 15.
14
Let r(a) = -5*a. Let v be r(3). Let c = 29 + v. Let q(k) = -k**3 - 10*k**2 + 11*k + 8. Calculate the remainder when c is divided by q(-11).
6
Suppose 0*k - 3*k + 4 = -2*s, k - 4*s = -2. Let q(m) = 12*m + 1. Let c = 6 - -1. Calculate the remainder when q(k) is divided by c.
4
Let b(x) = x**3 - 11*x**2 - x - 7. Let p be b(11). Let m = p - -29. Calculate the remainder when m is divided by 4.
3
Suppose 7 = t - 3*w - 6, 4*w - 27 = -5*t. Calculate the remainder when t is divided by (8/(-10))/((-8)/20).
1
Suppose 0*t + 144 = 2*t. Suppose 5*v - t = 193. Let q = -30 + v. What is the remainder when q is divided by 8?
7
Let y = 51 + -32. Calculate the remainder when y is divided by 10.
9
Let l = 1 + 4. Let r(b) = -b**3 - 3*b**2 - 4*b - 2. Suppose -u = -5*s + 4*u - 35, 5*s - 3*u + 25 = 0. Calculate the remainder when l is divided by r(s).
1
Let z(u) = -u + 1. Let h(d) = -9. Let l(x) = h(x) + 3*z(x). Suppose -9 = -5*t - 34. What is the remainder when 26 is divided by l(t)?
8
Let r = 10 + -5. Suppose 6 = -2*o + 4*o, -32 = -r*s + o. Let f(x) = 5*x - 1. Calculate the remainder when f(s) is divided by 12.
10
Suppose 28 = 8*l - 6*l. Calculate the remainder when 69 is divided by l.
13
Calculate the remainder when (-246)/(-21) + (-4)/(-14) is divided by (-15)/(-10)*20/6.
2
Let f(b) = 17*b - 50. Let r(x) = 6*x - 17. Let a(h) = 3*f(h) - 8*r(h). What is the remainder when (0 + -26)/(-1) + -1 is divided by a(7)?
4
Suppose -272 = t - 3*t. Let v = -191 + t. What is the remainder when v/1*1/(-1) is divided by 19?
17
Suppose 3*t = 117 + 75. What is the remainder when t is divided by 33?
31
Suppose k = -5*r - 302, 2*r + 3*r + 1590 = -5*k. Suppose 5*h = h + 56. What is the remainder when 6/8 - k/8 is divided by h?
13
Let c(a) = -a**3 - 9*a**2 + 10. Let z = -4 - -14. Let f = z - 19. Calculate the remainder when c(f) is divided by 6.
4
Suppose 2*x - 16 = -2*a, 5*a = 2*a + x + 12. What is the remainder when 27 is divided by a?
2
Let m = -319 - -461. What is the remainder when m is divided by 36?
34
Suppose l + 4*h + 6 = 24, -2*h = 4*l - 30. Calculate the remainder when 11 is divided by l.
5
Let u be (16/10)/(1/20). Suppose u = 3*p - p. Calculate the remainder when 47 is divided by p.
15
Suppose 0 = -3*z + 3, 4*l + z - 9 - 104 = 0. Suppose 0*m = m - l. Calculate the remainder when m is divided by 10.
8
What is the remainder when ((-24)/14)/((-12)/294) is divided by (-22)/3*3/(-1)?
20
Let j = -244 - -86. Let a = -97 - j. What is the remainder when a is divided by 16?
13
Let w(j) = -j**2 + 18*j - 22. What is the remainder when 18 is divided by w(16)?
8
Suppose 0 = -4*b - 10 + 26. What is the remainder when 14 is divided by b?
2
Let m = 2 - -11. Calculate the remainder when m is divided by 4.
1
Suppose 6*x - 60 = 24. Suppose -x*b = -10*b - 340. Calculate the remainder when b is divided by 22.
19
Suppose -g - 6 + 3 = 0. Let u be (g - -2) + -8*1. Let d(v) = -2*v - 10. What is the remainder when d(u) is divided by 5?
3
Suppose 0*j - 6 = -2*j. Let x = 17 + -9. What is the remainder when x is divided by j?
2
Suppose -33 = 22*g - 25*g. Calculate the remainder when 40 is divided by g.
7
What is the remainder when ((-128)/10)/((-1)/5) is divided by 34?
30
What is the remainder when (-1 - -21) + 4 + 0 is divided by (0 + 2)/((-4)/(-26))?
11
Let p = 14 - 12. Suppose 40 = f + p*g - 0, 2*f + g = 65. Calculate the remainder when f is divided by 16.
14
Suppose 5*u - 4*f - 295 = 0, -3*f - 81 = -3*u + 99. Suppose -5*n = 3*j - u, -4*n + 56 - 12 = 2*j. What is the remainder when 53 is divided by n?
9
Let k = 270 - 127. What is the remainder when k is divided by 12?
11
Let n(l) = l + 1. Let c be n(-1). Let j(h) = h**3 + h**2 - h + 9. What is the remainder when 6/14 + 109/7 is divided by j(c)?
7
Let n = 51 - 27. What is the remainder when n is divided by 9?
6
Let w(o) = 20*o + 210. Suppose 4*y + 3*h - 101 = 0, -5*y - 3*h + 103 + 27 = 0. What is the remainder when y is divided by w(-10)?
9
Let l(b) = -b**3 - 8*b**2 - 2*b - 3. Suppose 7*s + 108 = 10*s. Calculate the remainder when s is divided by l(-8).
10
Suppose 4*k - 5 - 15 = 0. Suppose 4*x - 5*g - 25 = 0, -k*x + 56 = -0*x + 2*g. Calculate the remainder when 29 is divided by x.
9
Let u(g) = g**2 + 4*g - 10. Let c be u(-8). Let w = -8 + c. What is the remainder when 25 is divided by w?
11
Suppose 0 = -11*g + 15*g - 92. Let w = 43 - g. Calculate the remainder when 78 is divided by w.
18
Let a(r) = 6 - 4*r - r + 4*r + r**2. Calculate the remainder when 16 is divided by a(0).
4
Suppose 16 = 4*q - 8*q, -4*n = -2*q - 52. Let a be (-1)/(((-6)/(-3))/(-4)). Suppose -5*j + 18 = -a*j. What is the remainder when n is divided by j?
5
Let i(y) = -3*y + 5. Let z(v) = 3*v - 4. Let n(g) = -4*i(g) - 6*z(g). Calculate the remainder when n(-2) is divided by 9.
7
Let h be ((-6)/(-4))/(1/2). Let y = -1 + h. Calculate the remainder when (-10)/(-8)*(-16)/(-4) is divided by y.
1
Let w(v) = -v**3 + 3*v**2 - v + 1. Let i be w(2). Let x = i - -1. What is the remainder when -3*(-2 + 4/(-3)) is divided by x?
2
Let r(f) = 32*f - 1. Calculate the remainder when 59 is divided by r(1).
28
Let l(q) = -4*q**2 + 93*q - 7. What is the remainder when l(21) is divided by 23?
21
Let w be 2 - -1 - (-2 - -3). Suppose -26 = 2*t - w. Let c = 13 - t. Calculate the remainder when c is divided by 9.
7
Suppose 2 = -5*o + 3*o. Let v be o + 58 + 2 + -1. Suppose -5*h + v = 3. Calculate the remainder when h is divided by 6.
5
Let u(d) = -d + 7. Let h be u(0). Suppose -3*m + 4*m - 4 = 0, -3*j - 3*m + 12 = 0. Let a = j + h. What is the remainder when 19 is divided by a?
5
Suppose -2*c = 22 - 84. Suppose c = k - 5. Let x = k - 22. What is the remainder when 26 is divided by x?
12
Let l = -35 + 52. Suppose -13*v = -83 + 5. What is the remainder when l is divided by v?
5
Suppose -5 = 3*n - 26. Let i be (-4)/6 + (-40)/(-6). What is the remainder when 15 - (0 - i/(-2)) is divided by n?
5
What is the remainder when ((-20)/(-6))/((-2)/(-18)) is divided by ((-4)/5)/(10/(-200))?
14
What is the remainder when 657/6*4/6 is divided by 19?
16
Suppose 4 = 3*m - 2. Suppose 0 = -m*a + a. Suppose -3*h = -4*f - 54, a*f + 2*f = -h + 8. What is the remainder when 27 is divided by h?
13
Suppose 4*c - 10 = 6. Suppose 0 = c*g + f - 2*f - 10, f = 2. What is the remainder when g is divided by (1 - (3 + 0)) + 4?
1
Let i be 22/8 + (-2)/(-8). Let w(s) = 15*s + 5. Calculate the remainder when w(i) is divided by 13.
11
Let o(k) = 4*k + 3. Let q be o(13). Suppose 3*u + 4*f = 2*f + q, 0 = 3*u - 3*f - 45. What is the remainder when u is divided by 10?
7
Let t(q) = 3*q**3 - 2*q**2 + 2*q + 2. Calculate the remainder when t(2) is divided by 6.
4
Let j = -19 - -42. Calculate the remainder when j is divided by 13.
10
Suppose -3*d + 7*d = 20. Suppose -8*f + d*c = -3*f, 4*c - 3 = 3*f. Calculate the remainder when (-4)/(-18) + 86/18 is divided by f.
2
Let d(u) = -3*u - 12. What is the remainder when 33/4 + 2/(-8) is divided by d(-5)?
2
Suppose 0 = -4*l - 6 - 2, 62 = 4*k - 5*l. C